mposite?
True
Is 630734459 composite?
True
Is 9188372027 composite?
True
Is 729153353 composite?
False
Is 36600444523 a composite number?
True
Is 42594143 a composite number?
True
Is 37840847749 composite?
False
Is 1928466811 a prime number?
False
Is 48960739151 a composite number?
True
Is 2879432797 a prime number?
True
Is 41087752991 a prime number?
True
Is 32570389315 a composite number?
True
Is 2031552491 prime?
False
Is 966847339 composite?
False
Is 4338610313 prime?
False
Is 280378999 composite?
False
Is 26022605039 composite?
False
Is 50026969 composite?
False
Is 488602567 a composite number?
False
Is 23996521867 prime?
True
Is 8950667 a prime number?
False
Is 119176450363 a composite number?
True
Is 84783173911 a composite number?
True
Is 42381978323 composite?
False
Is 796850339 composite?
False
Is 192774623 a prime number?
False
Is 10684984361 prime?
True
Is 468576419 a composite number?
False
Is 23313027847 composite?
False
Is 1193617799 a prime number?
False
Is 156705911 prime?
False
Is 108279823 prime?
False
Is 6401853839 a composite number?
False
Is 4080163223 a prime number?
False
Is 26321167 a composite number?
True
Is 1336400337 a composite number?
True
Is 62973801491 prime?
False
Is 55671564851 prime?
False
Is 448483349 a prime number?
False
Is 4303219681 composite?
True
Is 2983170713 a prime number?
True
Is 465065117 a composite number?
True
Is 13626593173 prime?
True
Is 211562069 prime?
False
Is 1767072581 prime?
True
Is 35500874309 a composite number?
False
Is 8171300099 a composite number?
True
Is 3934854047 composite?
True
Is 27530984483 composite?
False
Is 955936001 composite?
True
Is 10041150659 a composite number?
True
Is 1287496433 a composite number?
True
Is 650399107 composite?
True
Is 2421799829 composite?
False
Is 1992386803 a composite number?
True
Is 7344959653 composite?
False
Is 629915647 a prime number?
True
Is 535882003 composite?
False
Is 31464208441 a prime number?
True
Is 2003319997 prime?
False
Is 2143582057 a composite number?
False
Is 23916573803 a composite number?
False
Is 61734231191 a composite number?
True
Is 6775508027 a prime number?
True
Is 16132911877 a composite number?
True
Is 392633777 a composite number?
True
Is 3978001523 prime?
True
Is 1033465213 composite?
True
Is 21597974969 prime?
True
Is 41267458811 composite?
False
Is 35460138031 prime?
False
Is 861959759 composite?
True
Is 5759185771 composite?
True
Is 909019963 composite?
False
Is 1961328407 a composite number?
False
Is 443430887 composite?
True
Is 845511613 a composite number?
False
Is 910146929 prime?
True
Is 2178875359 a composite number?
True
Is 51191401513 prime?
False
Is 20035013639 composite?
True
Is 38664126419 composite?
False
Is 183593771 a prime number?
True
Is 173805145 a composite number?
True
Is 2433936577 composite?
False
Is 25754172971 composite?
True
Is 1412331667 a prime number?
False
Is 910043479 a prime number?
True
Is 30052187021 prime?
False
Is 11021051891 a prime number?
True
Is 490231666 a prime number?
False
Is 79326578603 a composite number?
False
Is 11488120873 a prime number?
True
Is 89895147491 composite?
True
Is 630534847 prime?
True
Is 9693069433 a prime number?
True
Is 5872632011 prime?
True
Is 110805552941 a prime number?
False
Is 24859097551 composite?
False
Is 14702745229 a prime number?
True
Is 675980771 a composite number?
False
Is 1644768779 a prime number?
True
Is 9678323 a composite number?
False
Is 40654419583 prime?
True
Is 1894977367 composite?
False
Is 173974109 prime?
True
Is 585072107 composite?
False
Is 106203128263 prime?
False
Is 51021633269 a composite number?
True
Is 6560853491 a prime number?
True
Is 6686000561 prime?
False
Is 1239934757 a prime number?
False
Is 809812973 composite?
False
Is 35217502919 prime?
True
Is 35241647387 a composite number?
False
Is 193992360521 a composite number?
False
Is 1220291543 composite?
False
Is 1673471869 prime?
True
Is 226250146799 a prime number?
True
Is 296967995 a composite number?
True
Is 4390372339 a prime number?
True
Is 4219403531 a composite number?
True
Is 1128531289 a prime number?
True
Is 27499917479 composite?
False
Is 4608108311 composite?
False
Is 8282732173 composite?
False
Is 2534631317 a prime number?
True
Is 727351969 prime?
True
Is 9767322491 composite?
False
Is 42282684953 composite?
True
Is 8320082911 prime?
False
Is 32302451609 a composite number?
False
Is 261431029201 composite?
True
Is 533227283 a composite number?
False
Is 21202308605 a composite number?
True
Is 154899589973 composite?
True
Is 408042377 a composite number?
True
Is 1998411229 a composite number?
False
Is 5684478799 composite?
False
Is 2774834629 prime?
False
Is 1474081801 a prime number?
False
Is 2106437107 a prime number?
False
Is 14487518317 composite?
True
Is 265459793 a composite number?
True
Is 16707578981 a prime number?
True
Is 59536856597 a prime number?
True
Is 186928548461 a composite number?
False
Is 574730017 composite?
True
Is 1045101835 composite?
True
Is 3271936847 a prime number?
False
Is 1680246517 a composite number?
False
Is 204073151 prime?
False
Is 11653846499 composite?
False
Is 114907217 a prime number?
False
Is 1152011359 a composite number?
True
Is 69849244027 a composite number?
False
Is 24554525213 a composite number?
True
Is 45407646259 a prime number?
True
Is 1018678669 a composite number?
False
Is 2793110113 composite?
False
Is 29439111643 composite?
False
Is 126393357 a prime number?
False
Is 1664907653 prime?
True
Is 13884145657 a composite number?
False
Is 1426883827 composite?
False
Is 192367234559 a prime number?
True
Is 24978942089 prime?
True
Is 709739781 a prime number?
False
Is 12430167257 prime?
False
Is 684231461 prime?
True
Is 6202148899 a prime number?
True
Is 801028741 prime?
True
Is 170028977 a composite number?
False
Is 14250571817 a prime number?
False
Is 163518739 a composite number?
False
Is 5462876971 composite?
False
Is 4025633219 a composite number?
False
Is 6574564345 composite?
True
Is 180417499 a prime number?
False
Is 5300038481 a prime number?
True
Is 60948880557 composite?
True
Is 1819719097 composite?
True
Is 1551333977 a prime number?
True
Is 1854191707 a composite number?
True
Is 32426826761 composite?
True
Is 1557912283 composite?
True
Is 962637365 a prime number?
False
Is 73747147933 a prime number?
True
Is 10972971313 a prime number?
False
Is 15101576657 composite?
True
Is 263967727 a prime number?
False
Is 1660732793 a prime number?
False
Is 167612597 a composite number?
True
Is 9170350121 a prime number?
True
Is 17467203891 a composite number?
True
Is 3031402273 prime?
True
Is 94452655111 a prime number?
True
Is 1789601677 a prime number?
False
Is 104466928971 composite?
True
Is 111487811521 a composite number?
True
Is 2832281503 composite?
False
Is 11897534813 a prime number?
False
Is 25323629053 prime?
False
Is 696470231 a prime number?
False
Is 34174320137 prime?
False
Is 766443221 prime?
True
Is 14649577313 a prime number?
False
Is 1620665593 prime?
False
Is 77320794151 prime?
True
Is 236263231 a composite number?
False
Is 253218781 a composite number?
False
Is 72420493819 prime?
True
Is 68762678003 a composite number?
False
Is 6649481913 prime?
False
Is 688933033 prime?
True
Is 1974437 a composite number?
True
Is 6921597451 a composite number?
False
Is 6722623 prime?
True
Is 793294015 composite?
True
Is 7993060781 composite?
True
Is 12109378913 composite?
True
Is 345194969 prime?
False
Is 144831582349 a composite number?
False
Is 1000169531 a prime number?
True
Is 15172224539 a prime number?
True
Is 1892342971 a prime number?
True
Is 965840233 composite?
True
Is 34500069323 a composite number?
False
Is 5385003109 composite?
False
Is 3746376371 a composite number?
False
Is 20646142787 prime?
True
Is 7488239809 a prime number?
True
Is 4597727647 prime?
False
Is 2858296589 a prime number?
True
Is 28908119687 a prime number?
False
Is 15620793337 prime?
False
Is 77290035439 a prime number?
True
Is 28409327921 composite?
True
Is 124887329929 a prime number?
False
Is 214454503 a prime number?
True
Is 7255093267 composite?
False
Is 6081889547 a composite number?
False
Is 23337063223 a prime number?
True
Is 653718511 composite?
True
Is 2533948867 a composite number?
False
Is 13044514289